e (-5)/2*(7 + 444/(-60)). Suppose 5 = -5*c, 4*g - 108 = -0*g + 4*c. Is t + 2103/5 - g/(-65) composite?
True
Let f = 28 - 25. Suppose 0 = -a, -f*n = 2*n - 3*a - 1335. Suppose 4*r - 146 = -s, 3*s + 2*r - n - 201 = 0. Is s composite?
True
Is 1101171/(-207)*(-5 + (0 - -2)) a composite number?
False
Let t(s) = -12*s + 53. Let n be t(-6). Let r(c) = n*c - 88*c - 13 + 115*c. Is r(10) composite?
True
Let s = 58 + -52. Suppose -s*g = -3*g - 10107. Suppose 0*v + g = 3*v. Is v a composite number?
False
Suppose 4*k + 336 - 3348 = 0. Suppose -d + 538 = 2*j - 199, -2*j = -d + k. Suppose i - 575 = -4*x, -3*x - 2*x + 4*i = -d. Is x a prime number?
False
Suppose 0 = 2*g + 2, 5*g + 374069 = -3*x + 1147443. Is x prime?
False
Let n be (2/7 + 35/49)*89. Suppose 93*x = n*x - 1976. Let o = 1123 + x. Is o a prime number?
False
Let m(t) = -43*t + 38. Let w be m(0). Let r be 3 + 3153 - (-2 + 3). Suppose 0 = -w*b + 37*b + r. Is b composite?
True
Suppose 0 = -2*g - 0*g + 628. Let p(n) = 4*n**2 - 75. Let i be p(0). Let s = g + i. Is s composite?
False
Let c = -240909 - -339160. Is c prime?
True
Let h be 2/(-9) + 370/45. Is (2 - 6434/8)/((-2)/h) a prime number?
True
Is (192751 + 7)*(4/(-14) + 55/70) composite?
True
Is (-550 - -557) + (-292216)/(-1) prime?
True
Let s(n) = -n**3 - 16*n**2 - 15*n + 10. Let i be (-2 + -5 - -2)/(1/3). Let u be s(i). Is -17*22*u/(-20) a composite number?
True
Let m = 53582 - 34795. Is m a composite number?
False
Suppose 14*g = 15*g, -5*d = 3*g - 25. Suppose -4*c + 2*q + 19125 = q, d*c = 5*q + 23910. Is c prime?
False
Suppose -j + 238443 = -2*i, -4*j + 5*i + 1417727 - 463961 = 0. Is j a prime number?
True
Is (-294)/1617 + 934058/22 prime?
True
Let p(g) = 4812*g**3 + 13*g**2 - 11*g - 5. Is p(3) prime?
True
Let d(g) = -g**3 + 23*g**2 - 45*g + 18. Let i be d(21). Let s = i - -42. Is 2/7 + s/(21/(-1727)) a prime number?
False
Let o(n) = -n**3 + 5*n**2 + 8. Let y be o(5). Suppose 0 = 3*s - y*s + 10. Is (22/(-18) - s/(-9))*-1249 prime?
True
Let s(g) = 2151*g**2 + 169*g + 41. Is s(-5) composite?
True
Is 5*2*7/((-98)/(-1712669)) a composite number?
True
Let r be 357980/49 + (-6)/(-21). Let b = 16717 - r. Is b prime?
False
Let t(o) = -12388*o + 3327. Is t(-10) prime?
True
Suppose -4*h + 13 = 5. Suppose -3*k + 11 = 4*v - 3*v, -5*k = -h*v. Suppose -v*w + 3689 = 379. Is w a prime number?
False
Let g(o) = 6261*o + 19954. Is g(15) a prime number?
False
Suppose 516*n = 509*n + 32424. Let l = n - 1999. Is l a composite number?
False
Suppose -d - 2*z = -30904 - 121547, d - 152447 = -3*z. Is d prime?
True
Let c(o) = 2118*o + 892 - 487 - 572. Is c(9) prime?
False
Let v(f) = -123*f + 26. Let q be (-1 - (-9)/15)/(1/5). Let t = q + -5. Is v(t) a prime number?
True
Suppose -4*x + 939326 = -v, -464*v + 18 = -461*v. Is x composite?
False
Let m(o) = -o**3 + o**2 + 8*o + 9. Let n be m(6). Is 79/((24/n)/(-8)) a prime number?
False
Suppose -t + 260159 = -4*d, -5*d = 5*t - 0*d - 1300870. Is t prime?
True
Let r = -19938 + 25607. Is r prime?
True
Let p = -140 + 156. Suppose 1 = p*s - 63. Suppose -2*r - 4*q = -2034, -q = s*r - 3*q - 4028. Is r prime?
True
Is 4/8 + (-581885)/(-10) composite?
False
Let c = 81535 - 55608. Is c a composite number?
True
Is (-9 - -9 - -4) + 9 - -1364884 a composite number?
False
Let q(f) = 645*f + 27. Let l(h) = -322*h - 14. Let d(o) = 5*l(o) + 3*q(o). Let m be ((-12)/(-45))/(58/1305). Is d(m) a composite number?
True
Let p = 75260 - 15397. Is p a prime number?
True
Let o(t) = 29976*t**2 + t + 2. Let a be o(-1). Suppose 22*r - a = -5403. Is r a composite number?
False
Let i(a) = -a**3 - 7*a**2 - 8*a - 19. Suppose -2*q = -4*g + 16, 0 = 5*q - 0*q. Suppose 0 = -3*l + g*r - 53, -7 = -l + 3*l + 3*r. Is i(l) a composite number?
True
Is (-2 - 2) + (-3 - -1363 - (14 - 24)) a prime number?
False
Suppose -287*b + 2751834 = -281*b. Is b prime?
True
Let h(r) = 585*r**2 - 2*r - 1. Let a be h(-1). Suppose p = 686 + a. Suppose -3*l - 3*q + p = 0, -5*l + 3*q = -2*q - 2100. Is l composite?
True
Let r = 61 + 3720. Suppose 8514 = 5*q - r. Is q a composite number?
False
Suppose 812*c - 753*c = 5393899 + 6223142. Is c prime?
False
Let p = -508641 - -1013018. Is p composite?
False
Let o be -1 + (-56)/(5 + -1). Let w(x) = -8*x + 6*x + 2 - 71*x. Is w(o) prime?
True
Let d = -145 - -145. Suppose 4*m + d*m = a + 950, -3*m = 5*a - 701. Is m a prime number?
False
Let s(v) be the second derivative of v**3/6 + 41*v**2/2 + 10*v. Let a(m) = -3*m - 123. Let o(r) = -6*a(r) - 17*s(r). Is o(-15) prime?
False
Suppose -4638 = -17*i + 11*i. Suppose -r + 6944 = -i. Is r prime?
True
Suppose 3*x = -0*x + 12. Suppose -x*s - 13 + 5 = 0. Is s*((-251)/4 - (-12)/(-16)) a prime number?
True
Suppose 28*n = 15*n + 182. Suppose -98372 = 10*q - n*q. Is q prime?
True
Is (487/(-2))/((-54)/5076) a composite number?
True
Suppose -13*j - s = -12*j - 135316, 0 = -2*j + s + 270641. Is j a composite number?
False
Let c be -1 + (-20)/12*-3. Suppose -c*s + 5*q + 1223 = 0, s - 224 - 81 = 2*q. Is s a composite number?
False
Suppose 0 = -74*n + 5767894 + 34586452. Is n composite?
False
Suppose -2*o - 3*l + 124766 = 0, -4*o + 5*l + 71881 = -177651. Is o prime?
True
Let u be 9/1 + 109 + -114. Is ((-570)/u - 2)*-26 + 4 a composite number?
False
Let f = -28026 - -51785. Let w = -15496 + f. Is w a prime number?
True
Suppose -24*c + 1198591 = -236345. Is c composite?
True
Suppose 3*p = 4*w - 230 + 1054, 4*w + 1096 = 4*p. Suppose -2*b + 686 = 2*s, -b + p = 3*s - 753. Is 1*s*(14 + -13) prime?
False
Suppose l + 2 = 2*s + 7, 5*s = -4*l + 20. Suppose -4*w + 18 = 4*x - 7*x, s = -2*w - 2*x + 2. Suppose y - b - 26 = 0, -w*y = 2*y - 2*b - 115. Is y prime?
False
Let w = 6154 - 10710. Let z = 470 + -3279. Let r = z - w. Is r composite?
False
Let w(f) = 5*f**3 + 4*f**2 - 5*f. Let v be w(2). Let h = 34 - v. Is 2 + 4227 - (14 + h) composite?
True
Let l = -1001 + 2358. Let u = -770 + l. Is u a prime number?
True
Suppose -5*t - 19 = 3*w, -3 - 14 = -w + 3*t. Let a = 263 + 156. Suppose -w*b + 270 = 5*v, 3*b + 0*b = -4*v + a. Is b composite?
True
Suppose -15*z - 5*l = -17*z + 935382, -4*z = -2*l - 1870700. Is z composite?
False
Suppose 14*k = -9 - 383. Is (91/k - -9)/((-2)/(-8)) composite?
False
Let m(z) = 191 - 91 + 182*z**2 - 95 - 5*z + 17*z. Is m(9) a composite number?
True
Is (-194375)/(-75) - -2*(-4)/12 a prime number?
True
Is ((-583536)/(-72))/(14/21) prime?
True
Let f(d) be the third derivative of 3947*d**4/8 + 433*d**3/6 - 25*d**2. Is f(6) a composite number?
False
Let k(l) be the first derivative of l**3/3 - 3*l**2/2 - 2*l - 3. Let w be k(2). Is (w/(-6))/(26/16341) a composite number?
False
Let f(y) = -224*y**3 + y**2 - 2*y + 9. Let n be f(2). Is 2/4*n*(-8 - -6) composite?
False
Let l be 5/2 + 5/(-10). Suppose -12 = l*o - 3*a, -2*o + a - 12 = -4. Let n(x) = -13*x**3 - 5*x**2 - 2*x + 5. Is n(o) prime?
True
Suppose 5*o - 1432635 + 255420 = -5*g, 0 = g - 4. Is o a composite number?
False
Suppose -78*m = -80*m + 14. Suppose 23*p + m*p = 314430. Is p composite?
True
Let k = -140 + 143. Is (-3)/k*-4326 - -1 composite?
False
Let n be 0 - (-4)/((-20)/(-15)). Suppose b = 2*b + n. Is 7 + 172 + 2 + b prime?
False
Let i be 6/(-21)*-1 - (-165)/35. Suppose i - 10 = -5*h. Is h/(3/639) - 4 a composite number?
True
Suppose 12*b = -14*b + 319176. Suppose 4*l - 4*t - b - 34120 = 0, 3*l - 34793 = t. Is l prime?
True
Let j(x) = 17*x**3 - 9*x**2 - 14*x + 139. Is j(12) a composite number?
False
Suppose 0 = 548*w - 535*w - 4503421. Is w a composite number?
False
Suppose -17*b - 28280 = -118959 - 299080. Is b prime?
False
Suppose 74 - 41 = 11*k. Suppose 3*q - 3*f - 14360 = -q, -k*f = 12. Is q prime?
False
Suppose 0 = z - 4*u + 16, -3*z + 2*z + 3*u = 12. Suppose -2*l + 81 + 691 = z. Suppose -5*w + b = -310 - l, 4*b + 4 = 0. Is w a prime number?
True
Suppose -5*w - 20 = -w, -4*w + 46 = 3*c. Let i be (355*1)/(3*(-7)/21). Let t = c - i. Is t a composite number?
True
Suppose -264126 = -6*u + 2*g + 957162, -5*u + 1017730 = -5*g. Is u a prime number?
True
Let v = -9849 - -18202. Is v prime?
True
Suppose -22 = 3*g + 4*h, -5*g - h - 22 = 2*h. Is 160/88 + g + (-2741)/(-11) a composite number?
True
Suppose 117*q - 8 = 121*q. Let i(y) = -312*y + 49. Is i(q) a prime number?
True
Suppose 566*a = 563*a - 5*q + 328676, -a + 109542 = 5*q. Is a prime?
True
Let q be (12